{"id":120,"date":"2025-04-26T18:48:36","date_gmt":"2025-04-26T15:48:36","guid":{"rendered":"https:\/\/beyazesyanizisatin.com\/?page_id=120"},"modified":"2025-04-26T18:48:36","modified_gmt":"2025-04-26T15:48:36","slug":"hakkimizda","status":"publish","type":"page","link":"https:\/\/beyazesyanizisatin.com\/index.php\/hakkimizda\/","title":{"rendered":"Hakkimizda"},"content":{"rendered":"<div class=\"widget-column footer-widget-1\">\n<section id=\"text-8\" class=\"widget widget_text\">\n<div class=\"textwidget\">\n<p><strong>Adres<\/strong><br \/>\n\u0130stanbul Geneline Hizmet Vermerkteyiz<\/p>\n<p><strong>Saatler<\/strong><br \/>\n7\/24 Her Zaman \u0130leti\u015fim.<\/p>\n<\/div>\n<p>\u0130leti\u015fim : 0533 503 7650<\/p>\n<\/section>\n<\/div>\n<div class=\"widget-column footer-widget-2\">\n<section id=\"text-9\" class=\"widget widget_text\">\n<h2 class=\"title\">HAKKIMIZDA<\/h2>\n<div class=\"textwidget\">\n<p>\u015eeffafl\u0131\u011f\u0131 temel prensiplerinden biri olarak belirleyen firmam\u0131z, sat\u0131n alma s\u00fcre\u00e7lerinin tamamen \u015feffaf bir \u015fekilde ger\u00e7ekle\u015fmesini sa\u011fl\u0131yor. Bu noktada gerekli \u00f6zen her a\u015famada g\u00f6steriliyor. S\u00fcrecin nas\u0131l i\u015fledi\u011fi, hangi kriterlerin dikkate al\u0131nd\u0131\u011f\u0131 ve fiyatlar\u0131n nas\u0131l belirlendi\u011fi noktas\u0131nda gerekli bilgilendirmeyi g\u00f6revi olarak kabul eden firmam\u0131z, her zaman y\u00fcksek m\u00fc\u015fteri memnuniyetini hedefliyo<\/p>\n<\/div>\n<\/section>\n<\/div>\n","protected":false},"excerpt":{"rendered":"<p>Adres \u0130stanbul Geneline Hizmet Vermerkteyiz Saatler 7\/24 Her Zaman \u0130leti\u015fim. \u0130leti\u015fim : 0533 503 7650 HAKKIMIZDA \u015eeffafl\u0131\u011f\u0131 temel prensiplerinden biri olarak belirleyen firmam\u0131z, sat\u0131n alma s\u00fcre\u00e7lerinin tamamen \u015feffaf bir \u015fekilde ger\u00e7ekle\u015fmesini sa\u011fl\u0131yor. Bu noktada gerekli \u00f6zen her a\u015famada g\u00f6steriliyor. S\u00fcrecin nas\u0131l i\u015fledi\u011fi, hangi kriterlerin dikkate al\u0131nd\u0131\u011f\u0131 ve fiyatlar\u0131n nas\u0131l belirlendi\u011fi noktas\u0131nda gerekli bilgilendirmeyi g\u00f6revi olarak [&hellip;]<\/p>\n","protected":false},"author":1,"featured_media":0,"parent":0,"menu_order":0,"comment_status":"closed","ping_status":"closed","template":"","meta":{"_monsterinsights_skip_tracking":false,"_monsterinsights_sitenote_active":false,"_monsterinsights_sitenote_note":"","_monsterinsights_sitenote_category":0,"footnotes":""},"class_list":["post-120","page","type-page","status-publish","hentry"],"aioseo_notices":[],"_links":{"self":[{"href":"https:\/\/beyazesyanizisatin.com\/index.php\/wp-json\/wp\/v2\/pages\/120","targetHints":{"allow":["GET"]}}],"collection":[{"href":"https:\/\/beyazesyanizisatin.com\/index.php\/wp-json\/wp\/v2\/pages"}],"about":[{"href":"https:\/\/beyazesyanizisatin.com\/index.php\/wp-json\/wp\/v2\/types\/page"}],"author":[{"embeddable":true,"href":"https:\/\/beyazesyanizisatin.com\/index.php\/wp-json\/wp\/v2\/users\/1"}],"replies":[{"embeddable":true,"href":"https:\/\/beyazesyanizisatin.com\/index.php\/wp-json\/wp\/v2\/comments?post=120"}],"version-history":[{"count":1,"href":"https:\/\/beyazesyanizisatin.com\/index.php\/wp-json\/wp\/v2\/pages\/120\/revisions"}],"predecessor-version":[{"id":121,"href":"https:\/\/beyazesyanizisatin.com\/index.php\/wp-json\/wp\/v2\/pages\/120\/revisions\/121"}],"wp:attachment":[{"href":"https:\/\/beyazesyanizisatin.com\/index.php\/wp-json\/wp\/v2\/media?parent=120"}],"curies":[{"name":"wp","href":"https:\/\/api.w.org\/{rel}","templated":true}]}}