{"id":118,"date":"2025-04-26T18:46:45","date_gmt":"2025-04-26T15:46:45","guid":{"rendered":"https:\/\/beyazesyanizisatin.com\/?page_id=118"},"modified":"2025-04-26T19:01:20","modified_gmt":"2025-04-26T16:01:20","slug":"iletisim","status":"publish","type":"page","link":"https:\/\/beyazesyanizisatin.com\/index.php\/iletisim\/","title":{"rendered":"\u0130leti\u015fim"},"content":{"rendered":"<h3 class=\"wp-block-heading alignwide has-text-align-center superbthemes-navigation-004-headline has-mono-4-color has-text-color has-superbfont-xxlarge-font-size\"><span style=\"color: #000000;\"><em>\u0130leti\u015fim<\/em><\/span><\/h3>\n<h3 class=\"has-text-align-center has-mono-4-color has-text-color has-superbfont-xsmall-font-size\"><span style=\"color: #000000;\"><em>Uzun y\u0131llar \u0130stanbul\u2019da t\u00fcm semtlere Spot E\u015fya ve \u0130kinci El E\u015fya sekt\u00f6r\u00fcnde hizmet sunan bulunan firmam\u0131z; Beyaz E\u015fya, Elektronik E\u015fyalar, Klima, Televizyon vb. akl\u0131n\u0131za gelebilecek t\u00fcm e\u015fylar\u0131n s\u0131f\u0131r ve ikinci el al\u0131m sat\u0131m hizmetini veriyoruz.<\/em><\/span><br \/>\n<span style=\"color: #000000;\"><em>Firmam\u0131z daima m\u00fc\u015fteri memnuniyetini \u00f6n planda tutarak sekt\u00f6r\u00fcne en kaliteli \u00fcr\u00fcnlerini ve hizmetlerini sunmak i\u00e7in elinden gelenin en iyisini yapmaya \u00e7al\u0131\u015fmaktad\u0131r.<\/em><\/span><\/h3>\n<h3><span style=\"color: #000000;\"><strong><em><mark class=\"has-inline-color has-contrast-light-color\">Spot ve \u0130kinci El E\u015fya alan\u0131nda kaliteli \u00fcr\u00fcn \u2013 hizmet veren firmam\u0131z, m\u00fc\u015fterilerinin g\u00fcvenini kazanarak sekt\u00f6re b\u00fcy\u00fck katk\u0131lar sa\u011flamaya devam etmektedir.<\/mark><\/em><\/strong><\/span><\/h3>\n<h3 class=\"wp-block-heading\"><span style=\"color: #000000;\"><strong><em><mark class=\"has-inline-color has-contrast-light-color\">\u0130leti\u015fim Bilgilerimiz<\/mark><\/em><\/strong><\/span><\/h3>\n<h3><span style=\"color: #000000;\"><strong><em><mark class=\"has-inline-color has-contrast-light-color\">\u0130stanbul Maltepe K\u00fc\u00e7\u00fckyal\u0131 no 48c<\/mark><\/em><\/strong><\/span><\/h3>\n<h3><span style=\"color: #000000;\"><strong><em><mark class=\"has-inline-color has-contrast-light-color\">K\u00fc\u00e7\u00fckyal\u0131<\/mark><\/em><\/strong><\/span><\/h3>\n<h3><span style=\"color: #000000;\"><strong><em><mark class=\"has-inline-color has-contrast-light-color\">\u0130stanbul\u00a034764<\/mark><\/em><\/strong><\/span><\/h3>\n<h3><span style=\"color: #000000;\"><strong><em><mark class=\"has-inline-color has-contrast-light-color\">Telefon:\u00a0<a style=\"color: #000000;\" href=\"tel:05355028585\">0<\/a><\/mark><mark class=\"has-inline-color has-contrast-light-color\">533 503 7650<\/mark><\/em><\/strong><\/span><\/h3>\n<figure class=\"wp-block-image\"><span style=\"color: #00ffff;\"><a style=\"color: #00ffff;\" href=\"https:\/\/wa.me\/905355028585?text=Merhaba%20e%C5%9Fyalar%C4%B1m%C4%B1%20satmak%20istiyorum.\"><img decoding=\"async\" class=\"wp-image-3207\" src=\"https:\/\/www.ikincielesyasatal.com\/wp-content\/uploads\/2021\/04\/ikinci-el-esya-alanlar.jpg\" alt=\"Esenyurt \u0130kinci El Beyaz E\u015fya Alanlar \u0130leti\u015fim\" \/><\/a><\/span><\/figure>\n","protected":false},"excerpt":{"rendered":"<p>\u0130leti\u015fim Uzun y\u0131llar \u0130stanbul\u2019da t\u00fcm semtlere Spot E\u015fya ve \u0130kinci El E\u015fya sekt\u00f6r\u00fcnde hizmet sunan bulunan firmam\u0131z; Beyaz E\u015fya, Elektronik E\u015fyalar, Klima, Televizyon vb. akl\u0131n\u0131za gelebilecek t\u00fcm e\u015fylar\u0131n s\u0131f\u0131r ve ikinci el al\u0131m sat\u0131m hizmetini veriyoruz. Firmam\u0131z daima m\u00fc\u015fteri memnuniyetini \u00f6n planda tutarak sekt\u00f6r\u00fcne en kaliteli \u00fcr\u00fcnlerini ve hizmetlerini sunmak i\u00e7in elinden gelenin en iyisini [&hellip;]<\/p>\n","protected":false},"author":1,"featured_media":0,"parent":0,"menu_order":0,"comment_status":"closed","ping_status":"closed","template":"","meta":{"_monsterinsights_skip_tracking":false,"_monsterinsights_sitenote_active":false,"_monsterinsights_sitenote_note":"","_monsterinsights_sitenote_category":0,"footnotes":""},"class_list":["post-118","page","type-page","status-publish","hentry"],"aioseo_notices":[],"_links":{"self":[{"href":"https:\/\/beyazesyanizisatin.com\/index.php\/wp-json\/wp\/v2\/pages\/118","targetHints":{"allow":["GET"]}}],"collection":[{"href":"https:\/\/beyazesyanizisatin.com\/index.php\/wp-json\/wp\/v2\/pages"}],"about":[{"href":"https:\/\/beyazesyanizisatin.com\/index.php\/wp-json\/wp\/v2\/types\/page"}],"author":[{"embeddable":true,"href":"https:\/\/beyazesyanizisatin.com\/index.php\/wp-json\/wp\/v2\/users\/1"}],"replies":[{"embeddable":true,"href":"https:\/\/beyazesyanizisatin.com\/index.php\/wp-json\/wp\/v2\/comments?post=118"}],"version-history":[{"count":5,"href":"https:\/\/beyazesyanizisatin.com\/index.php\/wp-json\/wp\/v2\/pages\/118\/revisions"}],"predecessor-version":[{"id":129,"href":"https:\/\/beyazesyanizisatin.com\/index.php\/wp-json\/wp\/v2\/pages\/118\/revisions\/129"}],"wp:attachment":[{"href":"https:\/\/beyazesyanizisatin.com\/index.php\/wp-json\/wp\/v2\/media?parent=118"}],"curies":[{"name":"wp","href":"https:\/\/api.w.org\/{rel}","templated":true}]}}